*w - 4*w, 4*n = 2*w - 10. What is the remainder when c(n) is divided by 5?
3
Suppose 7*x - 3*x = -40. Let l = x - -21. What is the remainder when l is divided by 4/(-10) + (-192)/(-30)?
5
Suppose -4*p - 37 = -4*m - m, -m - 2*p = 1. Let i(d) = -d**2 + 9*d + 13. What is the remainder when m is divided by i(10)?
2
Let a = -104 + 203. What is the remainder when a is divided by 25?
24
Suppose -5*d + 3*d - 12 = 4*k, -3*d + 26 = -5*k. Suppose 23 + d = 5*x. What is the remainder when x is divided by 2?
1
Let t = -117 - -129. Calculate the remainder when 35 is divided by t.
11
Let f be ((-2)/(-3))/(2/(-108)). Let l be (-4)/18 - 80/f. Calculate the remainder when (-2)/((-24)/9 + l) is divided by 2.
1
Suppose 0 = 2*g - 9 + 1. Calculate the remainder when g is divided by (-4)/2 + (2 - -3).
1
Suppose 0 = -3*q + 9*q - 18. What is the remainder when 7 is divided by q?
1
Let f(l) = -6*l**3 - 5*l**2 - 2*l - 9. What is the remainder when f(-3) is divided by 20?
14
Suppose -5*m - j + 10 + 8 = 0, -4*m = -5*j - 26. Let g = 5 + m. Suppose 4*i - 28 = 36. What is the remainder when i is divided by g?
7
Calculate the remainder when 1 - 33/3*-1 is divided by 8.
4
Suppose u + 2*l - 26 = -2, -5*u + 5*l = -120. Calculate the remainder when u is divided by 5.
4
What is the remainder when 100 is divided by 9/9*(17 - 0)?
15
Suppose -f - 2*f - 60 = 3*a, 5*f + 2*a = -88. Let d = 15 - f. Suppose 9 = k + 2*p - 8, 4*k = -5*p + 59. Calculate the remainder when d is divided by k.
9
Let m(b) = -6*b. Let u be m(2). Calculate the remainder when (50 - 4)*2*(-2)/(-8) is divided by (u/5)/((-2)/10).
11
Let j(s) = 4*s - 2. Let n be j(2). Suppose 2*p - n = p. Calculate the remainder when 16 is divided by p.
4
Suppose 32*g - 27*g - 40 = 0. What is the remainder when g is divided by -4*1*6/(-8)?
2
Let n(f) = 3*f**2 - 6*f + 12. Calculate the remainder when n(3) is divided by (-19)/(-3) + 1/(-3).
3
Let v(o) = -3*o - 9. Let m be v(-4). Let n(f) = -f - 5. Let p be n(-5). Suppose m*u - 7 - 11 = p. What is the remainder when 16 is divided by u?
4
Suppose 5*z - 59 = -0*z + o, 2*z - o - 26 = 0. Calculate the remainder when 41 is divided by z.
8
Suppose 2*i - 7 = -3*c + 35, -4*c = -i - 56. What is the remainder when c is divided by 9?
5
Let s = -8 + 9. Let q = 1 + s. What is the remainder when 6 is divided by q?
0
Suppose -5*v = 4*c - 51, 0 = -v - c - 0 + 10. Let i be 5*1*(-4)/5. What is the remainder when (-2)/1 - i - -29 is divided by v?
9
Suppose -3*z - i + 142 = 0, 4*z + 5*i - 25 = 168. What is the remainder when z is divided by 16?
15
Let a(s) = s**3 + 2*s**2 - 1. Let l(i) = 3*i + 9. Let h be l(-7). Let k be 7/6 + 2/h. What is the remainder when a(k) is divided by 1?
0
Let s(f) = -f**2 - 9*f + 3. Let w be s(-11). Let c = w - -31. Calculate the remainder when 47 is divided by c.
11
Let z be (6/(-8))/((-1)/12). Suppose -19 = -3*s - n, 4*s - 15 = -n + z. Calculate the remainder when 0 - (-1)/((-2)/(-16)) is divided by s.
3
Suppose -2*u = -7*u + 115. Suppose -3*c = -5*v - 34, 0*v = -2*v + 5*c - 25. Let m = 3 - v. What is the remainder when u is divided by m?
7
Let g = -8 - -11. Suppose 24 = g*k - 18. Calculate the remainder when 55 + (-1)/(-3 + 2 + 2) is divided by k.
12
Let r = 9 - -16. Calculate the remainder when 97 is divided by r.
22
Suppose -385 + 1218 = 7*p. What is the remainder when p is divided by 15?
14
Let x(a) = 2*a + 2. Calculate the remainder when 86 is divided by x(8).
14
Calculate the remainder when (-19)/(-3 - 16/(-6)) is divided by 20.
17
Let n(r) = -6*r + 2. Let g be n(9). Let u = -20 - g. What is the remainder when 126 is divided by u?
30
Let b = 120 - 71. Suppose -5*l + 98 = -l - 2*h, -4*l - 3*h + 103 = 0. Calculate the remainder when b is divided by l.
24
Suppose 0 = 4*x + 2*c + 2*c - 96, 5*x + 4*c = 115. What is the remainder when 74 is divided by x?
17
Suppose -2*x + 17 = -7. Calculate the remainder when x is divided by -4*(2 - (-30)/(-8)).
5
Let p(a) = -a - 6. Let j be (-3)/(-6)*1*-18. Let s be p(j). Suppose 0 = -z + 2*z - s. What is the remainder when 5 is divided by z?
2
Let x(n) = -n**3 + 7*n**2 - 4*n - 7. Let j be x(6). Suppose 0 = 5*a + 3*g + 2*g - 235, a = j*g + 59. What is the remainder when a is divided by 17?
15
Calculate the remainder when (-3)/2*(-124)/24*4 is divided by 16.
15
Suppose 3*u - 80 = 5*q, -3*q + 3 = -u + 47. Let s = 30 + q. Let x = 87 + -37. What is the remainder when x is divided by s?
16
Suppose 4*y - 15 = -95. Let t = -12 - y. What is the remainder when t is divided by 3?
2
Let d be 2/(-1)*15/(-3). Suppose -15 = -0*u - 3*u. What is the remainder when 10*(d/4)/u is divided by 3?
2
Let t(a) = -a + 2. Let r be t(4). Calculate the remainder when 19 is divided by -2 + ((-4)/r - -5).
4
Suppose -4*z = 0, 0 = -2*y + 5*z + 8 - 4. Suppose 3*l - 2*l - y = 0. Suppose -3*k = 5*j + 7, -3 = j + k - 0. Calculate the remainder when l is divided by j.
0
Let a(l) = -l + 2. Let v be a(5). What is the remainder when 8 is divided by -3 - (-21 - v)/3?
2
Let y = 5 - -2. Let l = -15 + y. What is the remainder when 12/(-3)*26/l is divided by 5?
3
Let h(q) be the second derivative of -q**5/20 + q**4/2 + 7*q**3/6 + q**2/2 + 2*q. What is the remainder when 1 is divided by h(7)?
0
Let w = -7 + 11. Suppose 2*n = 4*t + 24, -2*t - 3*t + 10 = 0. Suppose -4*v - 4*c = -n - 4, 17 = 3*v + 4*c. Calculate the remainder when w is divided by v.
1
Let c = -19 - -44. Suppose 4*q + 137 = 14*y - 11*y, q + 140 = 3*y. Calculate the remainder when y is divided by c.
22
Let b = -14 - 0. What is the remainder when 31 is divided by b/(3 - 5) - -1?
7
Suppose 6*a - a - 120 = 0. Calculate the remainder when 91 is divided by a.
19
Suppose 0 = -0*o + 3*o - 948. Calculate the remainder when 77 is divided by (-3)/9 - o/(-12).
25
Suppose 2*x + 5*l = 31, -5*x = -0*x - 3*l - 31. Calculate the remainder when 14 is divided by x.
6
Let q(r) = r**3 + r**2 - 5*r + 5. What is the remainder when q(4) is divided by (-3 - 4) + (-10 - -39)?
21
Suppose 3*l = -0*l + 66. What is the remainder when (-79)/(-2) - 3/(-2)*1 is divided by l?
19
Let k(y) = 99*y**3 + 2*y**2 - 3*y + 2. Let s be k(1). Suppose 2*d + s = 4*h + 30, h - 4*d - 7 = 0. What is the remainder when h is divided by 11?
8
Let f = -47 - -31. Suppose 4*v = -3*z + 2*z - 104, -z = 0. Let u = f - v. Calculate the remainder when 28 is divided by u.
8
Let d be (-4)/(-8) - 87/(-6). Let k = d + -4. Calculate the remainder when 42 is divided by k.
9
Let a(i) = i**2 + 17*i - 44. Calculate the remainder when a(-24) is divided by 32.
28
Suppose 84 = 3*r - 15. What is the remainder when 96 is divided by r?
30
Suppose i - 102 + 19 = -3*w, -2*i + 4 = 0. Let m = 9 + w. Calculate the remainder when m is divided by 13.
10
Suppose 0 = -2*f - 4*k + 22, -4*k + 5 + 19 = 4*f. What is the remainder when (0 - 0) + 20*f is divided by (-14)/(-4)*(1 - -1)?
6
Let t(l) = -l**2 + 5*l + 4. Let n(o) = -o + 2. Let i be n(-3). Let h be t(i). Suppose h*s = -0*s + 32. Calculate the remainder when 22 is divided by s.
6
Let x be 5 + -8 - -62*1. Let y = x - 28. Calculate the remainder when y is divided by 11.
9
Let n(y) = -y - 2. Suppose -4*g = -0*g - 24. Calculate the remainder when n(-11) is divided by g.
3
What is the remainder when (-1)/(1 + (-184)/180) is divided by 16?
13
Let h(x) = x**2 + 5*x + 3. Suppose 5*w - 34 = i - 2, -i = 2. Calculate the remainder when w is divided by h(-5).
0
Let f(y) = -y**3 - 4*y**2 + 3*y + 4. Let z be f(-4). Calculate the remainder when (6/z)/(3/(-36)) is divided by 6.
3
Suppose 5*d + 51 = 8*d. Calculate the remainder when 64 is divided by d.
13
Let q(c) = -c**3 - c**2 + 10. Let p be q(0). Suppose k = -0*k + p. Suppose -2*t = -0*t - 74. Calculate the remainder when t is divided by k.
7
Suppose 3*b + 11 = 2. Let f = -3 - b. Suppose 2*l + l - 42 = f. What is the remainder when 40 is divided by l?
12
Suppose 5*f - 5 = -3*d, -d - f + 20 = -3*f. What is the remainder when 38 is divided by d?
8
Let k(j) = -j**3 - 8*j**2 - 2 + j**3 + 10*j + j**3. What is the remainder when 36 is divided by k(7)?
17
Let y(n) = -n**2 - 2. Let j = 1 + -1. Let p be y(j). Let g(v) = 3*v**2 - 3*v - 2. Calculate the remainder when g(p) is divided by 9.
7
Let s(v) = -2 + 8*v + 0 - 3. What is the remainder when s(5) is divided by 12?
11
Let s(l) = 4*l**2 - l + 2. Suppose 0 = 2*x + 7 - 13. Calc